, 3, 3371
List the prime factors of 4827.
3, 1609
List the prime factors of 672.
2, 3, 7
What are the prime factors of 5145?
3, 5, 7
What are the prime factors of 1311?
3, 19, 23
What are the prime factors of 18288?
2, 3, 127
What are the prime factors of 5700?
2, 3, 5, 19
List the prime factors of 1234.
2, 617
What are the prime factors of 18320?
2, 5, 229
List the prime factors of 724.
2, 181
What are the prime factors of 59387?
59387
What are the prime factors of 2129?
2129
What are the prime factors of 82?
2, 41
What are the prime factors of 7098?
2, 3, 7, 13
What are the prime factors of 908?
2, 227
What are the prime factors of 5124?
2, 3, 7, 61
List the prime factors of 916.
2, 229
What are the prime factors of 340?
2, 5, 17
What are the prime factors of 4620?
2, 3, 5, 7, 11
What are the prime factors of 3717?
3, 7, 59
List the prime factors of 1288.
2, 7, 23
List the prime factors of 49004.
2, 12251
What are the prime factors of 202?
2, 101
List the prime factors of 2848.
2, 89
What are the prime factors of 1945?
5, 389
List the prime factors of 6585.
3, 5, 439
What are the prime factors of 16430?
2, 5, 31, 53
What are the prime factors of 364?
2, 7, 13
What are the prime factors of 757?
757
What are the prime factors of 32789?
32789
List the prime factors of 182012.
2, 45503
What are the prime factors of 1318?
2, 659
List the prime factors of 17632.
2, 19, 29
What are the prime factors of 5623?
5623
What are the prime factors of 929?
929
List the prime factors of 916.
2, 229
List the prime factors of 20166.
2, 3, 3361
List the prime factors of 3958.
2, 1979
What are the prime factors of 784?
2, 7
List the prime factors of 4782.
2, 3, 797
What are the prime factors of 780?
2, 3, 5, 13
What are the prime factors of 16479?
3, 1831
What are the prime factors of 11870?
2, 5, 1187
List the prime factors of 35790.
2, 3, 5, 1193
List the prime factors of 11524.
2, 43, 67
What are the prime factors of 6918?
2, 3, 1153
List the prime factors of 2510.
2, 5, 251
List the prime factors of 121512.
2, 3, 61, 83
What are the prime factors of 1791?
3, 199
List the prime factors of 2051.
7, 293
What are the prime factors of 54561?
3, 13, 1399
List the prime factors of 14358.
2, 3, 2393
List the prime factors of 13611.
3, 13, 349
List the prime factors of 8181.
3, 101
What are the prime factors of 4942?
2, 7, 353
What are the prime factors of 580?
2, 5, 29
What are the prime factors of 532?
2, 7, 19
What are the prime factors of 59692?
2, 14923
List the prime factors of 79329.
3, 31, 853
What are the prime factors of 2527?
7, 19
List the prime factors of 1652.
2, 7, 59
List the prime factors of 1244.
2, 311
List the prime factors of 1001.
7, 11, 13
List the prime factors of 24225.
3, 5, 17, 19
List the prime factors of 55218.
2, 3, 9203
List the prime factors of 27754.
2, 13877
What are the prime factors of 2470?
2, 5, 13, 19
List the prime factors of 9975.
3, 5, 7, 19
What are the prime factors of 16380?
2, 3, 5, 7, 13
List the prime factors of 3816.
2, 3, 53
List the prime factors of 431.
431
List the prime factors of 8558.
2, 11, 389
List the prime factors of 295.
5, 59
List the prime factors of 4374.
2, 3
What are the prime factors of 451?
11, 41
What are the prime factors of 25151?
7, 3593
What are the prime factors of 589?
19, 31
List the prime factors of 1849.
43
What are the prime factors of 793?
13, 61
List the prime factors of 24190.
2, 5, 41, 59
List the prime factors of 10040.
2, 5, 251
List the prime factors of 17649.
3, 37, 53
What are the prime factors of 3211?
13, 19
What are the prime factors of 8995?
5, 7, 257
List the prime factors of 30231.
3, 3359
What are the prime factors of 4730?
2, 5, 11, 43
List the prime factors of 35474.
2, 17737
What are the prime factors of 5511?
3, 11, 167
What are the prime factors of 2587?
13, 199
What are the prime factors of 540?
2, 3, 5
List the prime factors of 53607.
3, 107, 167
What are the prime factors of 14333?
11, 1303
List the prime factors of 501.
3, 167
What are the prime factors of 170456?
2, 11, 13, 149
What are the prime factors of 577?
577
What are the prime factors of 441?
3, 7
What are the prime factors of 39368?
2, 7, 19, 37
List the prime factors of 4740.
2, 3, 5, 79
What are the prime factors of 26951?
26951
What are the prime factors of 216?
2, 3
List the prime factors of 70.
2, 5, 7
What are the prime factors of 133561?
23, 5807
What are the prime factors of 1855?
5, 7, 53
List the prime factors of 1020.
2, 3, 5, 17
What are the prime factors of 94599?
3, 23, 457
List the prime factors of 62536.
2, 7817
List the prime factors of 1510.
2, 5, 151
List the prime factors of 22404.
2, 3, 1867
What are the prime factors of 14904?
2, 3, 23
What are the prime factors of 142291?
19, 7489
List the prime factors of 575.
5, 23
List the prime factors of 84282.
2, 3, 11, 1277
What are the prime factors of 533?
13, 41
List the prime factors of 1383.
3, 461
What are the prime factors of 368?
2, 23
List the prime factors of 1605.
3, 5, 107
What are the prime factors of 13537?
13537
List the prime factors of 2606.
2, 1303
What are the prime factors of 33874?
2, 16937
What are the prime factors of 10216?
2, 1277
What are the prime factors of 4583?
4583
What are the prime factors of 358?
2, 179
List the prime factors of 2292.
2, 3, 191
What are the prime factors of 96956?
2, 24239
What are the prime factors of 61646?
2, 13, 2371
What are the prime factors of 15309?
3, 7
List the prime factors of 796.
2, 199
What are the prime factors of 1068?
2, 3, 89
List the prime factors of 1648.
2, 103
What are the prime factors of 9318?
2, 3, 1553
What are the prime factors of 3345?
3, 5, 223
List the prime factors of 35949.
3, 23, 521
List the prime factors of 52369.
52369
List the prime factors of 2408.
2, 7, 43
What are the prime factors of 6381?
3, 709
What are the prime factors of 60354?
2, 3, 7, 479
What are the prime factors of 27326?
2, 13, 1051
What are the prime factors of 114345?
3, 5, 7, 11
List the prime factors of 110274.
2, 3, 18379
List the prime factors of 1695.
3, 5, 113
What are the prime factors of 81485?
5, 43, 379
What are the prime factors of 8405?
5, 41
What are the prime factors of 43727?
73, 599
What are the prime factors of 809?
809
What are the prime factors of 1117?
1117
What are the prime factors of 454?
2, 227
What are the prime factors of 1041?
3, 347
List the prime factors of 15106.
2, 7, 13, 83
What are the prime factors of 1101?
3, 367
What are the prime factors of 48704?
2, 761
List the prime factors of 3416.
2, 7, 61
List the prime factors of 59908.
2, 17, 881
What are the prime factors of 3618?
2, 3, 67
List the prime factors of 61972.
2, 15493
List the prime factors of 6452.
2, 1613
List the prime factors of 23635.
5, 29, 163
List the prime factors of 71167.
71167
What are the prime factors of 20859?
3, 17, 409
What are the prime factors of 520?
2, 5, 13
List the prime factors of 5882.
2, 17, 173
List the prime factors of 7536.
2, 3, 157
List the prime factors of 5509.
7, 787
List the prime factors of 146960.
2, 5, 11, 167
What are the prime factors of 2145?
3, 5, 11, 13
What are the prime factors of 27368?
2, 11, 311
List the prime factors of 5980.
2, 5, 13, 23
List the prime factors of 875.
5, 7
What are the prime factors of 3398?
2, 1699
List the prime factors of 24665.
5, 4933
List the prime factors of 13291.
13291
List the prime factors of 10961.
97, 113
What are the prime factors of 568?
2, 71
What are the prime factors of 260?
2, 5, 13
List the prime factors of 10685.
5, 2137
What are the prime factors of 8681?
8681
What are the prime factors of 380?
2, 5, 19
What are the prime factors of 102533?
102533
What are the prime factors of 6437?
41, 157
What are the prime factors of 12870?
2, 3, 5, 11, 13
What are the prime factors of 2707?
2707
What are the prime factors of 13701?
3, 4567
List the prime factors of 166876.
2, 41719
List the prime factors of 24765.
3, 5, 13, 127
What are the prime factors of 2008?
2, 251
List the prime factors of 176206.
2, 19, 4637
What are the prime factors of 3040?
2, 5, 19
What are the prime factors of 2129?
2129
List the prime factors of 10245.
3, 5, 683
What are the prime factors of 44994?
2, 3, 7499
What are the prime factors of 